25481 is divided by 124.
61
What is the remainder when 232551 is divided by 113?
110
What is the remainder when 627537 is divided by 82?
73
What is the remainder when 42659 is divided by 60?
59
What is the remainder when 13202 is divided by 4392?
26
Calculate the remainder when 10952 is divided by 312.
32
Calculate the remainder when 116231 is divided by 901.
2
What is the remainder when 55386 is divided by 54?
36
Calculate the remainder when 329 is divided by 17.
6
Calculate the remainder when 63219 is divided by 33.
24
What is the remainder when 276508 is divided by 102?
88
Calculate the remainder when 95037 is divided by 12.
9
Calculate the remainder when 7787 is divided by 118.
117
Calculate the remainder when 71608 is divided by 154.
152
What is the remainder when 78742 is divided by 63?
55
Calculate the remainder when 30233 is divided by 15092.
49
What is the remainder when 5619220 is divided by 831?
829
Calculate the remainder when 17492 is divided by 72.
68
Calculate the remainder when 32595 is divided by 58.
57
What is the remainder when 412149 is divided by 19?
1
What is the remainder when 2064 is divided by 275?
139
What is the remainder when 32404 is divided by 8099?
8
What is the remainder when 7583 is divided by 5?
3
Calculate the remainder when 71474 is divided by 1300.
1274
What is the remainder when 5428 is divided by 181?
179
Calculate the remainder when 166247 is divided by 250.
247
Calculate the remainder when 16914 is divided by 518.
338
Calculate the remainder when 9652 is divided by 3207.
31
What is the remainder when 415131 is divided by 18?
15
Calculate the remainder when 65706 is divided by 511.
298
Calculate the remainder when 6408 is divided by 407.
303
Calculate the remainder when 3556 is divided by 697.
71
Calculate the remainder when 91588 is divided by 1833.
1771
What is the remainder when 21679 is divided by 44?
31
Calculate the remainder when 255152 is divided by 22.
18
Calculate the remainder when 713463 is divided by 202.
201
What is the remainder when 2279 is divided by 18?
11
What is the remainder when 154895 is divided by 627?
26
What is the remainder when 126657 is divided by 745?
7
Calculate the remainder when 307369 is divided by 299.
296
What is the remainder when 15763 is divided by 336?
307
What is the remainder when 22755 is divided by 7568?
51
Calculate the remainder when 3347 is divided by 1673.
1
Calculate the remainder when 338248 is divided by 12.
4
Calculate the remainder when 12557 is divided by 1557.
101
What is the remainder when 44094 is divided by 22040?
14
Calculate the remainder when 129260 is divided by 517.
10
Calculate the remainder when 5228 is divided by 640.
108
What is the remainder when 33098 is divided by 50?
48
What is the remainder when 30791 is divided by 27?
11
What is the remainder when 1024671 is divided by 8?
7
What is the remainder when 557 is divided by 401?
156
Calculate the remainder when 9196 is divided by 2034.
1060
What is the remainder when 3909 is divided by 286?
191
Calculate the remainder when 123826 is divided by 17.
15
What is the remainder when 7683 is divided by 66?
27
What is the remainder when 327853 is divided by 3451?
8
Calculate the remainder when 459 is divided by 66.
63
What is the remainder when 19892 is divided by 19832?
60
Calculate the remainder when 86300 is divided by 43146.
8
Calculate the remainder when 32400 is divided by 21.
18
What is the remainder when 69899 is divided by 61?
54
What is the remainder when 2321 is divided by 13?
7
Calculate the remainder when 53206 is divided by 285.
196
What is the remainder when 678977 is divided by 67?
66
What is the remainder when 2661 is divided by 401?
255
What is the remainder when 17942 is divided by 17?
7
Calculate the remainder when 48814 is divided by 24316.
182
What is the remainder when 6886 is divided by 71?
70
Calculate the remainder when 1388 is divided by 1318.
70
What is the remainder when 3587966 is divided by 9?
8
What is the remainder when 264286 is divided by 454?
58
What is the remainder when 6868 is divided by 2281?
25
Calculate the remainder when 1040 is divided by 227.
132
What is the remainder when 718 is divided by 14?
4
What is the remainder when 421 is divided by 197?
27
Calculate the remainder when 2145 is divided by 586.
387
What is the remainder when 15142 is divided by 114?
94
What is the remainder when 122171 is divided by 277?
14
Calculate the remainder when 198703 is divided by 176.
175
Calculate the remainder when 27558 is divided by 950.
8
What is the remainder when 40381 is divided by 20189?
3
What is the remainder when 614885 is divided by 2520?
5
Calculate the remainder when 137318 is divided by 40.
38
What is the remainder when 192278 is divided by 8?
6
Calculate the remainder when 563475 is divided by 23.
21
What is the remainder when 171684 is divided by 928?
4
What is the remainder when 318227 is divided by 2974?
9
What is the remainder when 55013 is divided by 104?
101
What is the remainder when 79796 is divided by 228?
224
Calculate the remainder when 1636 is divided by 653.
330
What is the remainder when 709 is divided by 650?
59
What is the remainder when 4607 is divided by 1089?
251
What is the remainder when 17752 is divided by 167?
50
Calculate the remainder when 126302 is divided by 219.
158
Calculate the remainder when 13921 is divided by 4.
1
What is the remainder when 348666 is divided by 11?
10
What is the remainder when 8997 is divided by 294?
177
What is the remainder when 68843 is divided by 245?
243
Calculate the remainder when 37752 is divided by 69.
9
What is the remainder when 103581 is divided by 37?
18
Calculate the remainder when 305459 is divided by 16075.
34
Calculate the remainder when 47374 is divided by 73.
70
Calculate the remainder when 95344 is divided by 386.
2
What is the remainder when 4575 is divided by 353?
339
What is the remainder when 811025 is divided by 2291?
11
What is the remainder when 2789114 is divided by 105?
104
What is the remainder when 5953 is divided by 1012?
893
What is the remainder when 82790 is divided by 36?
26
Calculate the remainder when 5451 is divided by 2724.
3
What is the remainder when 33783 is divided by 131?
116
Calculate the remainder when 7853 is divided by 563.
534
What is the remainder when 39309 is divided by 39300?
9
What is the remainder when 41815 is divided by 475?
15
What is the remainder when 32608 is divided by 4061?
120
Calculate the remainder when 19774 is divided by 694.
342
What is the remainder when 11792 is divided by 453?
14
Calculate the remainder when 23160 is divided by 2893.
16
Calculate the remainder when 24199 is divided by 733.
10
What is the remainder when 2917 is divided by 574?
47
Calculate the remainder when 69161 is divided by 402.
17
What is the remainder when 84442 is divided by 62?
60
What is the remainder when 778 is divided by 111?
1
What is the remainder when 23282 is divided by 199?
198
What is the remainder when 720243 is divided by 240081?
0
Calculate the remainder when 22115 is divided by 3628.
347
What is the remainder when 9365 is divided by 293?
282
What is the remainder when 1608 is divided by 532?
12
Calculate the remainder when 6808 is divided by 338.
48
Calculate the remainder when 1597001 is divided by 23.
19
Calculate the remainder when 3490 is divided by 3447.
43
Calculate the remainder when 1844 is divided by 493.
365
Calculate the remainder when 1274461 is divided by 26551.
13
Calculate the remainder when 1601987 is divided by 65.
62
Calculate the remainder when 2578 is divided by 404.
154
What is the remainder when 43563 is divided by 2420?
3
What is the remainder when 2508 is divided by 147?
9
Calculate the remainder when 10097 is divided by 1680.
17
Calculate the remainder when 16289 is divided by 25.
14
What is the remainder when 182008 is divided by 1077?
1072
What is the remainder when 8131 is divided by 469?
158
Calculate the remainder when 102412 is divided by 17066.
16
Calculate the remainder when 143590 is divided by 511.
510
Calculate the remainder when 105022 is divided by 242.
236
Calculate the remainder when 2273 is divided by 316.
61
Calculate the remainder when 32882 is divided by 87.
83
What is the remainder when 659837 i